*n + c. Give m(n).
6
Let w(j) = j - 1. Suppose 11*n = 9*n - 12. What is w(n)?
-7
Let j = -5 + 7. Let c be (2 - 0)*j/4. Let h(v) = -11*v + 1. Give h(c).
-10
Let f be 4*2/6*-3. Let o(p) = p**2. What is o(f)?
16
Let c(p) = -p**3 + 0*p**3 - 5*p**2 + 4 - 3*p + 0*p**2. Give c(-4).
0
Let x = 2 - 2. Let r(f) = -f - f + 3*f + x*f. Let b be r(3). Let q(i) = i + 4. Calculate q(b).
7
Let d(m) be the first derivative of 1/2*m**2 - 2 - 3*m. Let l(u) = u - 10. Let c be l(6). Calculate d(c).
-7
Let x(y) be the third derivative of -y**4/12 - 4*y**3/3 - 20*y**2. Suppose -5*w + 50 = -5*z, -4*z - 17 = w + 3. Determine x(z).
4
Suppose 0 = 3*f - 0*f - 3. Let l(h) = 0*h - 6*h - 2*h. What is l(f)?
-8
Let k(q) = -q**3 + 0*q**3 + 2*q**3 - 4 + 2*q + 0*q**3 - 5*q**2. Give k(5).
6
Suppose 5*f = -4*i - 0*i - 4, 0 = -i + 3*f - 1. Let o(z) = 8*z**3 + z**2 - 1. Calculate o(i).
-8
Suppose 2*o + 0*o = -4*b + 2, -3*o + 4*b - 7 = 0. Suppose -6*n + 15 = -3*n. Let i(x) = 6 + n*x - 6 + 13*x**2 - 4*x. What is i(o)?
12
Let q be ((-1)/(-2))/(1/12). Let s(z) = -z. Let g(j) = 14*j - 8. Let r(i) = g(i) + 12*s(i). What is r(q)?
4
Let s = -53 - -58. Let f(w) = w**2 - 5*w. Give f(s).
0
Let o(l) = 3*l**3 + 7*l**2 + 8*l + 7. Let i(t) = -13*t**3 - 28*t**2 - 32*t - 29. Let w(n) = -2*i(n) - 9*o(n). Let a = -38 + 32. Give w(a).
7
Let o(s) = -2*s**2 - 9*s - 1. Let m(g) = 3*g**2 + 10*g + 1. Let x(l) = 3*m(l) + 4*o(l). Determine x(6).
-1
Let g be (1 - 2)/(3/15). Let o(v) be the first derivative of -1 + 6*v + 1/2*v**2. What is o(g)?
1
Suppose -1 = -5*o - 2*y + 6, 4*y = 3*o - 25. Let t be -3 - ((-4 - -2) + o). Let l(v) = v - 1. Determine l(t).
-5
Let n(d) = d**2 - 10*d - 6. Let t be n(10). Let x(z) = -8 + 1 + 2*z - z - 3*z. Give x(t).
5
Let b(n) = 2*n - 2. Let s be b(7). Let z = s - 17. Let x(p) = -p**2 - 4*p + 4. Give x(z).
-1
Let j be (-143)/(-39) - (-4)/(-6). Let f(i) = 18 - i + 0*i - 20. What is f(j)?
-5
Let m(y) = 4 + 9*y - y**2 - 4*y - 3*y. Determine m(3).
1
Let w = 0 + 1. Let u = w + -2. Let q(v) = 11*v - 1. Let p(f) = 12*f - 1. Let c(j) = 6*p(j) - 7*q(j). Calculate c(u).
6
Let p(n) = n**3 - 4*n**2. Let f be p(4). Let v(h) be the second derivative of 2*h**3/3 + 5*h**2 - 6*h. Let t(s) = s. Let z(o) = -3*t(o) + v(o). Give z(f).
10
Let j(n) = -n**2 + 7*n - 6. Let o(m) = -m**3 - 8*m**2 - 3*m - 20. Let a be o(-8). Give j(a).
6
Let a(h) = -3*h**2 - h - 6. Let y be a(6). Let m be y/54 + (-2)/(-9). Let k(d) = d**3 + d**2 - 3*d - 1. Determine k(m).
1
Suppose o + 0 - 6 = -3*a, -o = -2*a + 4. Let h(i) be the second derivative of -i + 0*i**2 - 1/6*i**3 + 1/6*i**4 + o - 3/10*i**5. Give h(1).
-5
Let r = 7 + -7. Suppose r = w - 2*w. Let z(l) be the second derivative of l**3/6 - 9*l**2/2 + l. Determine z(w).
-9
Let o(a) = a - 2*a - 2 - 2 + 3*a. Let j be (10/3 - -1) + 28/(-84). What is o(j)?
4
Let b(j) = 5*j**2 + j - 9*j + 11*j**3 - 10*j**3. What is b(-6)?
12
Let x(o) = o**2 + 2*o + 6. Let p(t) = t**2 + t + 6. Let w(s) = -6*p(s) + 7*x(s). What is w(-6)?
-6
Let s = -175 + 173. Let u(m) = m**2 + 2*m - 4. Calculate u(s).
-4
Let z(o) = -o**3 + 5*o**2 + 8*o - 6. Suppose 5*s - 10 = 40. Let y be (4/s)/((-2)/(-30)). Let h be z(y). Let t(l) = l**2 - 6*l - 8. What is t(h)?
-8
Let s(p) = -p**3 + 3 + 5 - 1 + 2*p - 5. Determine s(-2).
6
Suppose g - 2*l = 2, 0 = -5*g + l + 7 + 3. Let w(h) = h**2 + g*h - 2*h - 9 - 2*h**3 + 3*h**3. Calculate w(0).
-9
Suppose 2*t + 5*q + 28 = 0, 2*t - 5*q = -3*t. Let r be 1/((5 + t)*1). Let f(z) = -15*z + 1. Give f(r).
-14
Suppose 0 = f - 1 - 2. Suppose -2*d - 3 = -3*d. Let j(q) = -q**d + 4*q**2 + 1 + 0*q**f - 4*q + 9*q. Determine j(5).
1
Let s(h) be the first derivative of -h**4/4 + h**3/3 + 2*h**2 - 2*h - 6. Let p(f) = -f**2 + 3*f + 3. Let m be p(3). Calculate s(m).
-8
Let h(v) = 76*v + 1. Let w be h(-1). Let s be w/20*(-4)/(-1). Let c be 5/(-3)*s/(-5). Let r(x) = x**2 + 6*x - 6. What is r(c)?
-11
Let z be (-99)/(-21) - (-4)/14. Suppose -z*r - 20 = 0, 5 = 3*u + 4*r - 3*r. Let w(o) = o + 1. Let c(f) = 5*f. Let j(v) = -c(v) + 3*w(v). What is j(u)?
-3
Let a(i) = -i + 6. Let k be a(6). Suppose 2*s - o + k - 5 = 0, -4*s = 5*o - 45. Let c(w) = -w**2 + 8*w - 3. What is c(s)?
12
Let m(c) = -c - 4 + 0*c - 5 + 7*c**2 + 0*c**2 + c**3. Let l be m(-7). Let f(o) = -5*o**2 + 4*o**2 + 0*o**2 - 2*o**3. Determine f(l).
12
Let o = 6 - 1. Let n(u) = -u**2 - 5*u - 3. Let j be n(-3). Suppose -j - o = -f - w, 5*f = -4*w + 37. Let c(k) = -k**3 + 6*k**2 - 5*k + 3. Calculate c(f).
3
Let u(b) = b - 1. Let s(o) = 7*o - 13. Let r(t) = s(t) - 6*u(t). Let g be r(7). Let p(w) = 4*w - 2*w**2 + 1 + g + w**2 + 0. What is p(4)?
1
Let b(u) = -u + 5. Let c be b(3). Let w be (-3 + c)/(1*-1). Let n(a) = 6*a**2 + 1. What is n(w)?
7
Let g(i) = 3006*i - i**3 - 4*i**2 - 3006*i. What is g(-2)?
-8
Let h(x) = 4*x + 3. Suppose 21 = -5*l - 3*y + 5, -3*y = 3*l + 12. Let s(v) = -13*v - 10. Let o(t) = l*s(t) - 7*h(t). Determine o(-3).
5
Let z(v) = -2*v - 3. Let h(y) = -3*y - 5. Let w(r) = 5*h(r) - 8*z(r). Let f be 1 + -8 + 4 + -3. Let x(n) = 7*n - 7. Let g(k) = f*w(k) + x(k). Give g(0).
-1
Let c(g) be the second derivative of -g**3/6 - g**2/2 + 3*g. Let o(x) = -x**2 + 2. Let u be o(2). Let q be 4/(1*u/2). Calculate c(q).
3
Let a(g) = 6*g**3 - 2*g**2 + 1. Suppose w = -5*d + 2*w + 4, -5*w + 1 = -4*d. Calculate a(d).
5
Let o(i) = -5*i**2 - i - 1. Let v be o(-1). Let l(d) = -5 + 2 + 4 + 1 + d. Determine l(v).
-3
Let x(m) = 85*m - 4*m**2 - m**2 + 2 - 87*m. Calculate x(-2).
-14
Let q(b) = -b**2 - 15*b - 2. Let d be q(-15). Let s(l) = -3*l**3 + l**2 - 1. Let t be s(-1). Let i(c) = t - c**3 - 5 - 2*c**2 - 3*c - c + 0*c**3. What is i(d)?
6
Suppose 4 = 3*p - 5. Let m(j) = j**2 - p*j + 0*j**2 + 0*j**2 + 3. Suppose -3*n + 21 = 12. Determine m(n).
3
Let u(r) = 6 - r**3 + 1 - 3*r - 3 - 5*r**2. Give u(-3).
-5
Let g(u) = u**2 - 5. Let w be (0 + 6)*(-40)/(-12). Suppose -p - 20 = -5*p. Suppose -l = p*i - w, 4*i + 12 = l + 7*i. Determine g(l).
-5
Let l(h) = -3*h**2 + 5*h + 0*h**3 - 5*h + 2*h**3. Let o be (-2)/(-6)*18/3. Calculate l(o).
4
Let h = -7 - -9. Let s(d) = -7*d - h + d**3 - 4*d**2 + 8 - d. Suppose 2*a - 3*w - 22 = 3, 2*a + 3*w = -5. Determine s(a).
-9
Let k = 88 - 86. Let m(s) be the first derivative of -3*s + 1/4*s**4 - k*s**2 + 2/3*s**3 - 3. Calculate m(-3).
0
Let t(l) = -3*l - 2. Suppose 8 = -5*y + y. Let p be 6*((-8)/6)/y. Let g be 2/4 - 22/p. Give t(g).
13
Suppose 3 = 7*z - 32. Let b(y) = -y**3 + 7*y**2 - 5*y - 4. What is b(z)?
21
Let l(n) = -6*n**2 - 3*n + 8. Let y(w) = w**2 - w. Let g(d) = l(d) + 5*y(d). What is g(-8)?
8
Let j(f) = f**2 - 4*f - 4. Let z(i) = 5*i**2 - 5*i - 1. Let q(g) = -11*g**2 + 11*g + 2. Let k(o) = 4*q(o) + 9*z(o). Let n be k(3). Determine j(n).
1
Suppose -2*c = -j, -4*j - j + c = -9. Let v(b) be the third derivative of 0 - 1/24*b**4 + 0*b - 2*b**j + 1/3*b**3. Give v(-5).
7
Let z(t) be the first derivative of t**3/3 + 2*t**2 - 2*t + 2. Suppose -2*c = 3 + 5. What is z(c)?
-2
Let o(y) be the first derivative of y**2/2 - 5*y + 16. Suppose -h + 0 = -6. What is o(h)?
1
Let f(b) be the third derivative of -b**4/12 - 3*b**3/2 - 3*b**2. Let z(n) = -n - 6. Let u(k) = 5*f(k) - 8*z(k). Suppose -3*p + 8 = 17. What is u(p)?
9
Let z(h) be the third derivative of h**4/6 + h**3/2 + 3*h**2. Determine z(-3).
-9
Let i(t) = -14 + 13 - 2*t + 6*t - 2*t**2. Calculate i(3).
-7
Let c be (12/(-9))/(2/6). Let m(d) = 1. Let t(l) = 2*l**2 + 4*l - 2. Let j(o) = -2*m(o) + t(o). Determine j(c).
12
Let x(o) = -2*o + 9. Let l(h) = 3*h - 13. Let c(v) = -5*l(v) - 7*x(v). What is c(10)?
-8
Let s be (-15)/(-40) + (-57)/24. Let y(v) = -7*v**3 + 3*v**2 + 4*v + 6. Let d(c) = 8*c**3 - 4*c**2 - 5*c - 7. Let f(i) = 6*d(i) + 7*y(i). Calculate f(s).
0
Suppose -3*n = -7*n - 4*m + 44, 2*m - 13 = -n. Let y = -23 + n. Let q be 35/y*2*-1. Let k(h) = h**3 - 5*h**2 + 2*h - 7. Calculate k(q).
3
Suppose 2*h - 5*i + 2 = 0, -3*i = 2*h - 7*i. Let t(j) = j**3 - 1 - 2*j**3 + 3*j - h*j**2 + 0*j**2 - 5*j. Determine t(-2).
-5
Suppose 8*t - 3*t = 20. Let y(z) = -2*z**2 - 2 + 0*z**2 + t + z**2 - z. Determine y(2).
-4
Let g(h) be the third derivative of 1/24*h**4 + 5*h**2 + 0*h - 2/3*h**3 + 0. Let d(r) = 4*r. Let p be d(1). Give g(p).
0
Let u(d) = -d + 5. Let o be 0*(2 - 2 - (-3)/(-6)). Calculate u(o).
5
Let b(r) be the third derivative of r**5/30 + r**4/8 - 2*r**2. Let g be (7 + -4)/((-